84. Suppose 4*s + t = -3*t + 60, 5*s - 5*t - n = 0. What is the highest common divisor of 8 and s?
4
Suppose 55 = 5*r - 5*q, -5*r + 2*q + 0*q = -67. Let z(k) = -5*k - 4. Let b be z(-3). Let y = 94 + b. Calculate the highest common factor of r and y.
15
Suppose -15*x + 5*g - 66 = -18*x, -44 = -2*x - 3*g. Suppose f = 4*f - 132. What is the highest common factor of f and x?
22
Let b = -170 + 186. Suppose -z = -6 - 10. What is the highest common divisor of z and b?
16
Suppose 13*k - 1227 = 749. Calculate the highest common factor of 57 and k.
19
Let j be (-4 - (-5 + -54))*4/2. Calculate the highest common factor of j and 30.
10
Suppose 92 = -4*r + 6*r - 2*p, 4*r - 186 = 5*p. Let t be (-2 + r/10)/(26/65). Calculate the highest common divisor of t and 12.
6
Let k(v) be the first derivative of -2*v**2 + 32*v + 17. Let m be k(5). Let t be -9*3/2*-8. Calculate the highest common factor of m and t.
12
Suppose -z = -4*z - 120. Let n = z + 43. Let h be (-35)/10*(-1 + -5). What is the highest common divisor of n and h?
3
Suppose 5*k + 6*g - 2*g + 52 = 0, -2*g = k + 8. Let c = k - -2. Let y = c + 22. What is the highest common factor of 3 and y?
3
Let x = -48 + 70. Let r be (-6)/(x/(-18) - -1). Let t(m) = 2*m**3 - 2*m**2 - m + 3. Let s be t(0). What is the highest common factor of r and s?
3
Let z(p) = p - 13. Let f be z(14). Suppose 4*q = 5*q - 4. Suppose -2*x + 3*x = q. Calculate the highest common divisor of x and f.
1
Suppose c = -2*r - 0*c, -r - 3*c = 0. Suppose r*w - w = -2. Let i = w + 21. Calculate the highest common divisor of i and 207.
23
Suppose 0 = -150*b + 143*b + 1197. What is the greatest common divisor of b and 76?
19
Suppose 0 = 2*j - 39 - 5. Suppose t = 5*l - 16, 0*l + 12 = 4*l - t. Suppose -4*g + 0 = -q + 2, 3*q - j = l*g. What is the highest common divisor of 80 and q?
10
Suppose -2*f - 11*v = -6*v - 61, -73 = -2*f - v. Calculate the greatest common divisor of f and 10.
2
Let s be (-1917)/(-2059) + 2/29. What is the highest common divisor of 59 and s?
1
Suppose 2*x + 4 = -2*x, -5*g + 4*x = -754. What is the highest common factor of g and 12?
6
Let r(b) = b**2 - 33*b + 13. Let w be r(33). Calculate the greatest common divisor of w and 65.
13
Let h = -1281 + 1609. What is the greatest common factor of h and 205?
41
Suppose 0*r + 2*r + 28 = 0. Let o be (-4)/r - (-57)/21. Suppose -c - 10 = -o*j + 8, 2*j - 2*c - 16 = 0. Calculate the greatest common factor of 2 and j.
1
Let n(b) = 2*b**3 - 12*b**2 + 2*b - 12. Let c be n(6). Let q be (-2650)/(-40) - (-2)/(-8 + c). Calculate the greatest common divisor of 44 and q.
22
Let n = -155 - -230. Calculate the greatest common factor of 150 and n.
75
Suppose -10 = 5*v, v - 37 - 17 = -4*t. Calculate the greatest common factor of 1414 and t.
14
Let z = -1974 + 1986. Let v(o) = 8*o**2 + 4*o - 4. Let n(a) = 3*a - 1. Let h be n(-1). Let g be v(h). What is the highest common factor of z and g?
12
Suppose -5*p + 10 = 0, 0*g - 4*p = 2*g - 124. What is the highest common factor of g and 174?
58
Suppose 4*n + 2*d = 122, 3*n + 5*d + 111 = 6*n. Let q(p) = -2*p**2 - 3*p + 1. Let u be q(-3). Let h = 16 + u. What is the greatest common divisor of n and h?
8
Let r(g) = -5*g - 5. Let h be r(-2). Suppose -3*k - k = 12, 2*k = -h*z + 294. Let o = 85 - z. Calculate the highest common factor of 5 and o.
5
Suppose 2*f - 11*l = -12*l + 76, -2*f + 56 = -4*l. Calculate the highest common factor of 92 and f.
4
Let i = 46 - -29. Calculate the highest common divisor of i and 50.
25
Let c(v) = v**3 - 10*v**2 - 11*v + 2. Let x be c(11). Let t = x - -2. Let n = 14 + t. Calculate the greatest common divisor of 144 and n.
18
Let s be 42/(-2) + (-66)/22. Let u be s*(82/(-24) + 6/8). Calculate the highest common factor of u and 4.
4
Let y be (6/(-4))/(230/(-56) + 4). Calculate the greatest common divisor of y and 434.
14
Suppose 0 = -0*b + b - 96. Suppose 5*o - 1136 = x + 58, 204 = o - 6*x. Calculate the highest common factor of o and b.
48
Let a(b) = 2*b**3 + 25*b**2 + 9*b - 10. Let s be a(-10). Let p = -3 + 43. What is the greatest common divisor of p and s?
40
Let k be -5 - -2 - (-227 + 12). Calculate the highest common divisor of 265 and k.
53
Let x(b) = 5*b - 1. Suppose -3 - 1 = -4*p. Let k be x(p). Suppose k*z = 3*z + 4. What is the greatest common factor of 20 and z?
4
Suppose 22*j - 523 = 203. Let z be 3 - -3*3*29. What is the highest common factor of z and j?
33
Suppose 11*c - 17*c = -78. Suppose 0 = -2*s - 4, -g - 2*s - 1 = s. Suppose g*m - b = 66, 5*m - b - 60 = -6*b. What is the highest common divisor of m and c?
13
Suppose -5*r + r = 0. Let m be -3*-2*5/6. Suppose r = -m*b - 76 + 246. Calculate the highest common factor of b and 85.
17
Let z be (6/45 - 147/90)*-42. What is the greatest common factor of 105 and z?
21
Let o(c) = 2*c**2 + 4*c - 18. Let f be o(-5). Calculate the greatest common divisor of 324 and f.
12
Let s be ((-136)/(-10))/(76/190). Calculate the highest common divisor of 85 and s.
17
Suppose 5*o = -4*f + 70 + 90, 0 = 5*f - 4*o - 159. Calculate the greatest common factor of f and 7.
7
Suppose p + 468 = 3*p. Let x = -135 + p. What is the highest common factor of 11 and x?
11
Let g be 1/(((-5)/(-70))/((-8)/(-14))). What is the greatest common divisor of 14 and g?
2
Suppose -3332 = 3*m + 178. Let d be ((-3)/5)/(18/m). Calculate the highest common factor of 39 and d.
39
Let v = 25 - 13. Suppose 4*h + 3 = b, 0*h + 5*h = b - 3. Suppose -2*t = b*k - k - 90, 3*t = 5*k + 159. What is the highest common factor of t and v?
12
Suppose 38*o - 462 = 5*o. Calculate the greatest common divisor of 1792 and o.
14
Suppose -3*c + 15 = 0, -6*f + 2*c = -9*f + 91. Calculate the greatest common divisor of 135 and f.
27
Suppose -44*g + 34*g = -1950. What is the highest common factor of 30 and g?
15
Suppose 3*f = 6*f + 354. Let i = f - -170. Calculate the highest common divisor of i and 52.
52
Let y(v) = -4*v**2 + 17*v**3 + 6 + 24*v**3 - 39*v**3 - 7*v. Let b be y(5). Calculate the greatest common factor of b and 11.
11
Let w be 77319/55 - (12/(-10) - -1). Calculate the greatest common factor of w and 74.
74
Suppose -s - s + 10 = 0. Suppose 2*f + s*n - 72 = -0*n, 8 = 2*n. Let h(c) = 8*c**2 - 3*c + 2. Let i be h(3). What is the greatest common divisor of f and i?
13
Let i be (-2)/(-2) + 455/(-7). Let s = 28 - i. Calculate the greatest common factor of s and 23.
23
Suppose -2*b - 4*g + 68 = 0, -b + 2*g + 4 + 18 = 0. What is the greatest common divisor of b and 28?
28
Let u be 3/15 + (-3)/15. Suppose u = -3*c + 7 + 11. Let l be (14/2)/(c/36). What is the greatest common divisor of l and 7?
7
Let s(t) = -t**2 + 5*t + 22. Let p be s(8). Let d be 3/(-9) + p + 676/12. Calculate the greatest common divisor of d and 81.
27
Suppose 0 = a + 4*n + 98, -3*a + 264 = -6*a - 2*n. Let z be ((-129)/a)/(1*1/48). Let g = 4 - -5. Calculate the highest common factor of z and g.
9
Suppose -88 = -y - 3*y. Suppose 3*z - l - 5 = 0, 5*z + 4*l - 7 - 7 = 0. Suppose 31 - 9 = z*w. What is the greatest common divisor of y and w?
11
Suppose -3*t - 6 = -3*a, -20 = 5*t - 2*a + 2. Let f = -3 - t. Let d be (-30)/(-4)*4/f. Calculate the highest common factor of 5 and d.
5
Let s(z) = -z**2 - z + 14. Let j be s(0). Let q(c) = -c + 84. Let f be q(0). Suppose -5*n + f = -3*n. What is the greatest common divisor of n and j?
14
Suppose -7*o - 3*o = -1730. Suppose -o = -6*t - 53. What is the greatest common factor of 8 and t?
4
Let t = 4 - 0. Let f = t - -3. Let u = 331 - 282. Calculate the greatest common factor of f and u.
7
Let h(q) = -q**2 - 6*q - 3. Let r be h(-5). Let l(s) = 3*s**2 - 2 - s**2 + 0. Let g be l(r). What is the highest common divisor of 2 and g?
2
Suppose c + 6 = -t + 3*c, t = 4*c - 12. Suppose 4*s - 5*l = t, -2*s = -s - 4*l. Suppose -2*j + 9 + 23 = s. Calculate the highest common divisor of 4 and j.
4
Suppose 0 = -16*d + 17*d - 256. What is the greatest common factor of d and 16?
16
Let c(r) = -r**3 - 21*r**2 - 3*r + 25. Let j be c(-21). Calculate the greatest common divisor of 32 and j.
8
Suppose -8 - 57 = -5*a. Let d = 133 - 269. Let l = d - -279. Calculate the highest common factor of l and a.
13
Let z = -49 + 105. Let v = -32 + z. Calculate the highest common factor of v and 8.
8
Suppose -3*s = -4*c + s + 36, -4*s = -c. Let f be c*(3/(-2))/(-1). Suppo